{"id":163,"date":"2026-04-02T11:21:18","date_gmt":"2026-04-02T11:21:18","guid":{"rendered":"https:\/\/www.lesetabli-e-s.fr\/?page_id=163"},"modified":"2026-04-04T11:25:06","modified_gmt":"2026-04-04T11:25:06","slug":"contact","status":"publish","type":"page","link":"https:\/\/www.lesetabli-e-s.fr\/index.php\/contact\/","title":{"rendered":"Contact"},"content":{"rendered":"<div class=\"et_pb_section_0 et_pb_section et_section_regular et_block_section\">\n<div class=\"et_pb_row_0 et_pb_row et_flex_row\">\n<div class=\"et_pb_column_0 et_pb_column et-last-child et_flex_column et_pb_css_mix_blend_mode_passthrough et_flex_column_24_24 et_flex_column_24_24_tablet et_flex_column_24_24_phone\">\n<div class=\"et_pb_text_0 et_pb_text et_pb_bg_layout_light et_pb_module et_flex_module\"><div class=\"et_pb_text_inner\"><h1 class=\"p1\" style=\"text-align: center;\"><span style=\"color: #800080;\"><b>Contact<\/b><\/span><\/h1>\n<\/div><\/div>\n<\/div>\n<\/div>\n\n<div class=\"et_pb_row_1 et_pb_row et_flex_row\">\n<div class=\"et_pb_column_1 et_pb_column et_flex_column et_pb_css_mix_blend_mode_passthrough et_flex_column_12_24 et_flex_column_12_24_tablet et_flex_column_24_24_phone\">\n<div class=\"et_pb_image_0 et_pb_image et_animated et_pb_module et_flex_module\"><span class=\"et_pb_image_wrap\"><img loading=\"lazy\" decoding=\"async\" src=\"https:\/\/www.lesetabli-e-s.fr\/wp-content\/uploads\/2026\/03\/Capture-decran-2026-03-11-a-10.32.08.jpg\" title=\"Les Etablies\" width=\"419\" height=\"327\" srcset=\"https:\/\/www.lesetabli-e-s.fr\/wp-content\/uploads\/2026\/03\/Capture-decran-2026-03-11-a-10.32.08.jpg 419w, https:\/\/www.lesetabli-e-s.fr\/wp-content\/uploads\/2026\/03\/Capture-decran-2026-03-11-a-10.32.08-300x234.jpg 300w\" sizes=\"(max-width: 419px) 100vw, 419px\" class=\"wp-image-22\" \/><\/span><\/div>\n<\/div>\n\n<div class=\"et_pb_column_2 et_pb_column et-last-child et_flex_column et_pb_css_mix_blend_mode_passthrough et_flex_column_12_24 et_flex_column_12_24_tablet et_flex_column_24_24_phone\">\n<div class=\"et_pb_text_1 et_pb_text et_pb_bg_layout_light et_pb_module et_flex_module\"><div class=\"et_pb_text_inner\"><h2 class=\"p1\"><span style=\"color: #800080;\"><strong>L'ASSOCIATION<\/strong><\/span><\/h2>\n<p class=\"p1\"><strong><span style=\"color: #800080;\">Fond\u00e9e en septembre 2022, elle vise \u00e0 lutter contre toutes les formes de violences, notamment les VHSS, et de discriminations<\/span><\/strong><\/p>\n<p class=\"p1\"><span style=\"color: #800080;\"><strong>Bureau :<\/strong> 1 Pr\u00e9sidente, 1 Tr\u00e9sori\u00e8re, 1 Secr\u00e9taire<br \/><\/span><span style=\"color: #800080;\"><strong>CA :<\/strong> Toustes attach\u00e9es aux valeurs de l'Association<br \/><\/span><span style=\"color: #800080;\"><strong>Membres :<\/strong> adh\u00e9rent.es, b\u00e9n\u00e9voles<\/span><\/p>\n<p class=\"p1\"><strong><span style=\"color: #800080;\">Actions<\/span><\/strong><\/p>\n<p class=\"p1\"><span style=\"color: #800080;\">Pr\u00e9vention, sensibilisation, formation<br \/><\/span><span style=\"color: #800080;\">Espaces d'\u00e9coute, d'accompagnement et d'orientation<\/span><\/p>\n<p class=\"p1\"><strong><span style=\"color: #800080;\">Nos valeurs :<\/span><\/strong><\/p>\n<p class=\"p1\"><span style=\"color: #800080;\">Intersectionnalit\u00e9<br \/><\/span><span style=\"color: #800080; font-size: 14px;\">Respect et dignit\u00e9 pour toustes<br \/><\/span><span style=\"color: #800080;\">\u00c9galit\u00e9 des droits et des chances<br \/><\/span><span style=\"color: #800080;\">P\u00e9dagogie et Professionnalisme<\/span><\/p>\n<\/div><\/div>\n<\/div>\n<\/div>\n\n<div class=\"et_pb_row_2 et_pb_row et_flex_row\">\n<div class=\"et_pb_column_3 et_pb_column et-last-child et_flex_column et_pb_css_mix_blend_mode_passthrough et_flex_column_24_24 et_flex_column_24_24_tablet et_flex_column_24_24_phone\">\n<div class=\"et_pb_text_2 et_pb_text et_pb_bg_layout_light et_pb_module et_flex_module\"><div class=\"et_pb_text_inner\"><h3 class=\"p1\" style=\"text-align: center;\"><span style=\"color: #800080;\">Pour toutes questions, t\u00e9moignages ou besoin d\u2019\u00e9changer n\u2019h\u00e9sitez pas \u00e0 nous contacter<\/span><\/h3>\n<\/div><\/div>\n\n<div class=\"et_pb_row_3 et_pb_row et_pb_row_nested et_flex_row\">\n<div class=\"et_pb_column_4 et_pb_column et_flex_column et_pb_css_mix_blend_mode_passthrough et_flex_column_8_24 et_flex_column_8_24_tablet et_flex_column_24_24_phone\">\n<div class=\"et_pb_icon_0 et_pb_icon et_clickable et_pb_module et_flex_module\"><span class=\"et_pb_icon_wrap\"><a href=\"https:\/\/www.instagram.com\/freepaillettes\/\" target=\"_blank\"><span class=\"et-pb-icon\">\ue0c8<\/span><\/a><\/span><\/div>\n<\/div>\n\n<div class=\"et_pb_column_5 et_pb_column et_flex_column et_pb_css_mix_blend_mode_passthrough et_flex_column_8_24 et_flex_column_8_24_tablet et_flex_column_24_24_phone\">\n<div class=\"et_pb_icon_1 et_pb_icon et_clickable et_pb_module et_flex_module\"><span class=\"et_pb_icon_wrap\"><a href=\"https:\/\/www.facebook.com\/FreePaillettes\" target=\"_blank\"><span class=\"et-pb-icon\">\ue0c1<\/span><\/a><\/span><\/div>\n<\/div>\n\n<div class=\"et_pb_column_6 et_pb_column et-last-child et_flex_column et_pb_css_mix_blend_mode_passthrough et_flex_column_8_24 et_flex_column_8_24_tablet et_flex_column_24_24_phone\">\n<div class=\"et_pb_icon_2 et_pb_icon et_clickable et_pb_module et_flex_module\"><span class=\"et_pb_icon_wrap\"><a href=\"https:\/\/www.linkedin.com\/company\/lesetablies\/\" target=\"_blank\"><span class=\"et-pb-icon\">\ue0cb<\/span><\/a><\/span><\/div>\n<\/div>\n<\/div>\n<\/div>\n<\/div>\n\n<div class=\"et_pb_row_4 et_pb_row et_flex_row\">\n<div class=\"et_pb_column_7 et_pb_column et-last-child et_flex_column et_pb_css_mix_blend_mode_passthrough et_flex_column_24_24 et_flex_column_24_24_tablet et_flex_column_24_24_phone\">\n<div class=\"et_pb_contact_form_0 et_pb_contact_form_container clearfix et_pb_module et_flex_module\" data-form_unique_num=\"0\" data-form_unique_id=\"9af9bab4-727f-4939-bfc2-3f9577adf244\" id=\"et_pb_contact_form_9af9bab4-727f-4939-bfc2-3f9577adf244\"><div class=\"et-pb-contact-message\"><\/div><div class=\"et_pb_contact\"><form class=\"et_pb_contact_form et_flex_module\" method=\"post\" action=\"https:\/\/www.lesetabli-e-s.fr\/index.php\/wp-json\/wp\/v2\/pages\/163\">\n<div class=\"et_pb_contact_field_0 et_pb_contact_field et_pb_module et_flex_module et_flex_column_12_24 et_flex_column_12_24_tablet et_flex_column_12_24_phone\" data-id=\"name\" data-type=\"email\"><label class=\"et_pb_contact_form_label\" for=\"et_pb_contact_0_name_0\">Nom<\/label><input type=\"text\" name=\"et_pb_contact_0_name_0\" id=\"et_pb_contact_0_name_0\" class=\"input\" data-required_mark=\"required\" data-field_type=\"email\" data-original_id=\"name\" placeholder=\"Nom\" title=\"\" value=\"\" \/><\/div>\n\n<div class=\"et_pb_contact_field_1 et_pb_contact_field et_pb_module et_flex_module et_flex_column_12_24 et_flex_column_12_24_tablet et_flex_column_12_24_phone\" data-id=\"email\" data-type=\"email\"><label class=\"et_pb_contact_form_label\" for=\"et_pb_contact_0_email_1\">Email<\/label><input type=\"text\" name=\"et_pb_contact_0_email_1\" id=\"et_pb_contact_0_email_1\" class=\"input\" data-required_mark=\"required\" data-field_type=\"email\" data-original_id=\"email\" placeholder=\"Email\" title=\"\" value=\"\" \/><\/div>\n\n<div class=\"et_pb_contact_field_2 et_pb_contact_field et_pb_module et_flex_module et_flex_column_24_24 et_flex_column_24_24_tablet et_flex_column_24_24_phone\" data-id=\"message\" data-type=\"text\"><label class=\"et_pb_contact_form_label\" for=\"et_pb_contact_0_message_2\">Message<\/label><textarea name=\"et_pb_contact_0_message_2\" id=\"et_pb_contact_0_message_2\" class=\"et_pb_contact_message input\" data-required_mark=\"required\" data-field_type=\"text\" data-original_id=\"message\" placeholder=\"Message\"><\/textarea><\/div>\n<input type=\"hidden\" name=\"et_pb_contactform_submit_9af9bab4-727f-4939-bfc2-3f9577adf244\" value=\"et_contact_proccess\" \/><div class=\"et_contact_bottom_container\"><div class=\"et_pb_contact_right et_pb_contact_field\"><p class=\"clearfix\"><label><span class=\"et_pb_contact_captcha_question\">1 + 8<\/span> = <input type=\"text\" size=\"2\" class=\"input et_pb_contact_captcha\" data-first_digit=\"1\" data-second_digit=\"8\" data-required_mark=\"required\" name=\"et_pb_contact_captcha_9af9bab4-727f-4939-bfc2-3f9577adf244\" autocomplete=\"off\" \/><\/label><\/p><\/div><div class=\"et_pb_button_wrapper\"><button type=\"submit\" name=\"et_builder_submit_button\" class=\"et_pb_button et_pb_contact_submit\">Envoyer<\/button><\/div><\/div><input type=\"hidden\" id=\"_wpnonce-et-pb-contact-form-submitted-9af9bab4-727f-4939-bfc2-3f9577adf244\" name=\"_wpnonce-et-pb-contact-form-submitted-9af9bab4-727f-4939-bfc2-3f9577adf244\" value=\"8b2fa6e5e5\" \/><input type=\"hidden\" name=\"_wp_http_referer\" value=\"\/index.php\/wp-json\/wp\/v2\/pages\/163\" \/><\/form><\/div><\/div>\n<\/div>\n<\/div>\n\n<div class=\"et_pb_row_5 et_pb_row et_flex_row\">\n<div class=\"et_pb_column_8 et_pb_column et-last-child et_flex_column et_pb_css_mix_blend_mode_passthrough et_flex_column_24_24 et_flex_column_24_24_tablet et_flex_column_24_24_phone\">\n<div class=\"et_pb_image_1 et_pb_image et_pb_module et_flex_module\"><span class=\"et_pb_image_wrap\"><img loading=\"lazy\" decoding=\"async\" src=\"https:\/\/www.lesetabli-e-s.fr\/wp-content\/uploads\/2026\/04\/banderole.jpg\" title=\"Course de relai DayTourSport dans la jardin Bouzignac, samedi 11 juin 2022.\" width=\"2048\" height=\"1365\" srcset=\"https:\/\/www.lesetabli-e-s.fr\/wp-content\/uploads\/2026\/04\/banderole.jpg 2048w, https:\/\/www.lesetabli-e-s.fr\/wp-content\/uploads\/2026\/04\/banderole-1280x853.jpg 1280w, https:\/\/www.lesetabli-e-s.fr\/wp-content\/uploads\/2026\/04\/banderole-980x653.jpg 980w, https:\/\/www.lesetabli-e-s.fr\/wp-content\/uploads\/2026\/04\/banderole-480x320.jpg 480w\" sizes=\"(min-width: 0px) and (max-width: 480px) 480px, (min-width: 481px) and (max-width: 980px) 980px, (min-width: 981px) and (max-width: 1280px) 1280px, (min-width: 1281px) 2048px, 100vw\" class=\"wp-image-180\" \/><\/span><\/div>\n<\/div>\n<\/div>\n<\/div>","protected":false},"excerpt":{"rendered":"","protected":false},"author":1,"featured_media":0,"parent":0,"menu_order":0,"comment_status":"closed","ping_status":"closed","template":"","meta":{"footnotes":""},"class_list":["post-163","page","type-page","status-publish","hentry"],"yoast_head":"<!-- This site is optimized with the Yoast SEO plugin v27.3 - https:\/\/yoast.com\/product\/yoast-seo-wordpress\/ -->\n<title>Contact -<\/title>\n<meta name=\"robots\" content=\"index, follow, max-snippet:-1, max-image-preview:large, max-video-preview:-1\" \/>\n<link rel=\"canonical\" href=\"https:\/\/www.lesetabli-e-s.fr\/index.php\/contact\/\" \/>\n<meta property=\"og:locale\" content=\"fr_FR\" \/>\n<meta property=\"og:type\" content=\"article\" \/>\n<meta property=\"og:title\" content=\"Contact -\" \/>\n<meta property=\"og:url\" content=\"https:\/\/www.lesetabli-e-s.fr\/index.php\/contact\/\" \/>\n<meta property=\"article:modified_time\" content=\"2026-04-04T11:25:06+00:00\" \/>\n<meta name=\"twitter:card\" content=\"summary_large_image\" \/>\n<script type=\"application\/ld+json\" class=\"yoast-schema-graph\">{\"@context\":\"https:\\\/\\\/schema.org\",\"@graph\":[{\"@type\":\"WebPage\",\"@id\":\"https:\\\/\\\/www.lesetabli-e-s.fr\\\/index.php\\\/contact\\\/\",\"url\":\"https:\\\/\\\/www.lesetabli-e-s.fr\\\/index.php\\\/contact\\\/\",\"name\":\"Contact -\",\"isPartOf\":{\"@id\":\"https:\\\/\\\/www.lesetabli-e-s.fr\\\/#website\"},\"datePublished\":\"2026-04-02T11:21:18+00:00\",\"dateModified\":\"2026-04-04T11:25:06+00:00\",\"breadcrumb\":{\"@id\":\"https:\\\/\\\/www.lesetabli-e-s.fr\\\/index.php\\\/contact\\\/#breadcrumb\"},\"inLanguage\":\"fr-FR\",\"potentialAction\":[{\"@type\":\"ReadAction\",\"target\":[\"https:\\\/\\\/www.lesetabli-e-s.fr\\\/index.php\\\/contact\\\/\"]}]},{\"@type\":\"BreadcrumbList\",\"@id\":\"https:\\\/\\\/www.lesetabli-e-s.fr\\\/index.php\\\/contact\\\/#breadcrumb\",\"itemListElement\":[{\"@type\":\"ListItem\",\"position\":1,\"name\":\"Accueil\",\"item\":\"https:\\\/\\\/www.lesetabli-e-s.fr\\\/\"},{\"@type\":\"ListItem\",\"position\":2,\"name\":\"Contact\"}]},{\"@type\":\"WebSite\",\"@id\":\"https:\\\/\\\/www.lesetabli-e-s.fr\\\/#website\",\"url\":\"https:\\\/\\\/www.lesetabli-e-s.fr\\\/\",\"name\":\"Les \u00c9tabli.e.s\",\"description\":\"Pr\u00e9vention \\\/ Formation \\\/ Accompagnement VHSS\",\"publisher\":{\"@id\":\"https:\\\/\\\/www.lesetabli-e-s.fr\\\/#organization\"},\"potentialAction\":[{\"@type\":\"SearchAction\",\"target\":{\"@type\":\"EntryPoint\",\"urlTemplate\":\"https:\\\/\\\/www.lesetabli-e-s.fr\\\/?s={search_term_string}\"},\"query-input\":{\"@type\":\"PropertyValueSpecification\",\"valueRequired\":true,\"valueName\":\"search_term_string\"}}],\"inLanguage\":\"fr-FR\"},{\"@type\":\"Organization\",\"@id\":\"https:\\\/\\\/www.lesetabli-e-s.fr\\\/#organization\",\"name\":\"Les \u00c9tabli.e.s\",\"url\":\"https:\\\/\\\/www.lesetabli-e-s.fr\\\/\",\"logo\":{\"@type\":\"ImageObject\",\"inLanguage\":\"fr-FR\",\"@id\":\"https:\\\/\\\/www.lesetabli-e-s.fr\\\/#\\\/schema\\\/logo\\\/image\\\/\",\"url\":\"https:\\\/\\\/www.lesetabli-e-s.fr\\\/wp-content\\\/uploads\\\/2026\\\/03\\\/Capture-decran-2026-03-11-a-10.32.08.jpg\",\"contentUrl\":\"https:\\\/\\\/www.lesetabli-e-s.fr\\\/wp-content\\\/uploads\\\/2026\\\/03\\\/Capture-decran-2026-03-11-a-10.32.08.jpg\",\"width\":419,\"height\":327,\"caption\":\"Les \u00c9tabli.e.s\"},\"image\":{\"@id\":\"https:\\\/\\\/www.lesetabli-e-s.fr\\\/#\\\/schema\\\/logo\\\/image\\\/\"},\"sameAs\":[\"https:\\\/\\\/www.instagram.com\\\/freepaillettes\\\/\"]}]}<\/script>\n<!-- \/ Yoast SEO plugin. -->","yoast_head_json":{"title":"Contact -","robots":{"index":"index","follow":"follow","max-snippet":"max-snippet:-1","max-image-preview":"max-image-preview:large","max-video-preview":"max-video-preview:-1"},"canonical":"https:\/\/www.lesetabli-e-s.fr\/index.php\/contact\/","og_locale":"fr_FR","og_type":"article","og_title":"Contact -","og_url":"https:\/\/www.lesetabli-e-s.fr\/index.php\/contact\/","article_modified_time":"2026-04-04T11:25:06+00:00","twitter_card":"summary_large_image","schema":{"@context":"https:\/\/schema.org","@graph":[{"@type":"WebPage","@id":"https:\/\/www.lesetabli-e-s.fr\/index.php\/contact\/","url":"https:\/\/www.lesetabli-e-s.fr\/index.php\/contact\/","name":"Contact -","isPartOf":{"@id":"https:\/\/www.lesetabli-e-s.fr\/#website"},"datePublished":"2026-04-02T11:21:18+00:00","dateModified":"2026-04-04T11:25:06+00:00","breadcrumb":{"@id":"https:\/\/www.lesetabli-e-s.fr\/index.php\/contact\/#breadcrumb"},"inLanguage":"fr-FR","potentialAction":[{"@type":"ReadAction","target":["https:\/\/www.lesetabli-e-s.fr\/index.php\/contact\/"]}]},{"@type":"BreadcrumbList","@id":"https:\/\/www.lesetabli-e-s.fr\/index.php\/contact\/#breadcrumb","itemListElement":[{"@type":"ListItem","position":1,"name":"Accueil","item":"https:\/\/www.lesetabli-e-s.fr\/"},{"@type":"ListItem","position":2,"name":"Contact"}]},{"@type":"WebSite","@id":"https:\/\/www.lesetabli-e-s.fr\/#website","url":"https:\/\/www.lesetabli-e-s.fr\/","name":"Les \u00c9tabli.e.s","description":"Pr\u00e9vention \/ Formation \/ Accompagnement VHSS","publisher":{"@id":"https:\/\/www.lesetabli-e-s.fr\/#organization"},"potentialAction":[{"@type":"SearchAction","target":{"@type":"EntryPoint","urlTemplate":"https:\/\/www.lesetabli-e-s.fr\/?s={search_term_string}"},"query-input":{"@type":"PropertyValueSpecification","valueRequired":true,"valueName":"search_term_string"}}],"inLanguage":"fr-FR"},{"@type":"Organization","@id":"https:\/\/www.lesetabli-e-s.fr\/#organization","name":"Les \u00c9tabli.e.s","url":"https:\/\/www.lesetabli-e-s.fr\/","logo":{"@type":"ImageObject","inLanguage":"fr-FR","@id":"https:\/\/www.lesetabli-e-s.fr\/#\/schema\/logo\/image\/","url":"https:\/\/www.lesetabli-e-s.fr\/wp-content\/uploads\/2026\/03\/Capture-decran-2026-03-11-a-10.32.08.jpg","contentUrl":"https:\/\/www.lesetabli-e-s.fr\/wp-content\/uploads\/2026\/03\/Capture-decran-2026-03-11-a-10.32.08.jpg","width":419,"height":327,"caption":"Les \u00c9tabli.e.s"},"image":{"@id":"https:\/\/www.lesetabli-e-s.fr\/#\/schema\/logo\/image\/"},"sameAs":["https:\/\/www.instagram.com\/freepaillettes\/"]}]}},"jetpack_sharing_enabled":true,"_links":{"self":[{"href":"https:\/\/www.lesetabli-e-s.fr\/index.php\/wp-json\/wp\/v2\/pages\/163","targetHints":{"allow":["GET"]}}],"collection":[{"href":"https:\/\/www.lesetabli-e-s.fr\/index.php\/wp-json\/wp\/v2\/pages"}],"about":[{"href":"https:\/\/www.lesetabli-e-s.fr\/index.php\/wp-json\/wp\/v2\/types\/page"}],"author":[{"embeddable":true,"href":"https:\/\/www.lesetabli-e-s.fr\/index.php\/wp-json\/wp\/v2\/users\/1"}],"replies":[{"embeddable":true,"href":"https:\/\/www.lesetabli-e-s.fr\/index.php\/wp-json\/wp\/v2\/comments?post=163"}],"version-history":[{"count":16,"href":"https:\/\/www.lesetabli-e-s.fr\/index.php\/wp-json\/wp\/v2\/pages\/163\/revisions"}],"predecessor-version":[{"id":245,"href":"https:\/\/www.lesetabli-e-s.fr\/index.php\/wp-json\/wp\/v2\/pages\/163\/revisions\/245"}],"wp:attachment":[{"href":"https:\/\/www.lesetabli-e-s.fr\/index.php\/wp-json\/wp\/v2\/media?parent=163"}],"curies":[{"name":"wp","href":"https:\/\/api.w.org\/{rel}","templated":true}]}}